est common divisor of 11 and x.
11
Let a be -2*(-2)/(-6)*-45. Suppose -r - 900 = -13*r. Calculate the greatest common factor of a and r.
15
Let u be ((1 - 0) + -1)/1. Let d = u - -2. Let j be d + (0 - 1) - -33. What is the greatest common factor of j and 85?
17
Suppose -3*u + 3 = -3. Suppose -2*k - u*k = -400. What is the greatest common factor of k and 10?
10
Suppose -11*u + 8*u + 1027 = -2*y, 2*u + 3*y = 676. What is the highest common factor of u and 31?
31
Let w(m) = m**3 + m**2 + m + 144. Let f be w(0). What is the greatest common divisor of f and 16?
16
Suppose 0*o + 64 = -o. Let t = o + 113. Calculate the highest common factor of 7 and t.
7
Let t(g) = -g**3 + 7*g**2 - 3*g. Let b be t(5). Suppose -2*y = 5*s - 95, 5*y - 5*s = 6*y - b. What is the highest common divisor of 24 and y?
12
Let h = 166 - 114. Calculate the highest common factor of 26 and h.
26
Let m(l) = l**3 + 6*l**2 + 4*l + 3. Let t be -4 - -1 - -2 - -4. Let y be -3 + t - 0 - 4. Let h be m(y). Calculate the highest common divisor of h and 209.
19
Suppose 0*v = -4*v + 128. What is the greatest common divisor of 4 and v?
4
Let v = -13 - -17. What is the greatest common factor of 32 and v?
4
Let d(t) = 5*t**3 - 3*t**2 + t - 2. Suppose 3*x = -2*u + 6*u - 2, 2*x + 5*u = 14. Let i be d(x). Calculate the greatest common factor of 4 and i.
4
Let h(c) = 8*c**3 - 3*c**2 + 3*c - 3. Let o be h(3). Suppose t + o = 4*t. Let i(f) = 14*f**2 - f. Let l be i(1). Calculate the highest common factor of l and t.
13
Suppose -6 = 3*u - 4*u. Suppose -28 = -2*v - 4*y, 0 = -3*v + 6*y - y - 2. Calculate the highest common divisor of v and u.
6
Let g = 91 + 77. Calculate the greatest common factor of 24 and g.
24
Suppose -36 = -12*j - 0. Let l(w) = 5*w + 1. Let f be l(4). What is the greatest common factor of f and j?
3
Suppose -20 = -4*y, 1 = -b - 2*b + 5*y. Suppose 0 = -c - 0*c + b. Let r be (-1)/(-4) - (-126)/c. Calculate the greatest common divisor of 64 and r.
16
Suppose 6*z - 2*z - 220 = 0. What is the highest common divisor of 22 and z?
11
Let u(s) = s**3 - 10*s**2 - s + 13. Let c be u(10). Let k = -2 - -3. What is the greatest common factor of k and c?
1
Let z be (-3)/(-1 + 169/172). Let f = z - 95. Calculate the highest common factor of f and 11.
11
Let q be (-784)/(-20) - (-1)/(-5). What is the greatest common factor of q and 312?
39
Let t be (-49)/14*(1 + -9). Let q be 40 + 3 + (-1 - 0). Calculate the highest common divisor of q and t.
14
Suppose -30 = -p - 3*l - l, -4*p + 84 = 4*l. Let s be 8*6 - (2 + 1). Calculate the greatest common factor of p and s.
9
Suppose -4*x + 2*x - 5*v = -18, -5*x + 2*v = -16. Suppose 0 = 4*f + 16 + 12. Let k be ((-6)/f)/((-33)/(-154)). What is the greatest common divisor of k and x?
4
Suppose -5*u + 0 = -85. Suppose 5*m = m + 544. Calculate the greatest common factor of u and m.
17
Suppose -3*b + 2*s + 64 = 0, 4*b + 3*s - 90 = s. Suppose -5*o - m + 441 = 0, -265 = -0*o - 3*o - m. Calculate the highest common divisor of o and b.
22
Let c = 89 - 44. Let w(n) = -n**3 - 7*n**2 - 7*n - 1. Let h be w(-6). Suppose -153 + 3 = -h*y. Calculate the greatest common factor of c and y.
15
Suppose 5*c + 2*c = 693. What is the highest common factor of c and 33?
33
Suppose -2*d = 5*b - 423, 518 = 4*d - b - 317. What is the highest common divisor of 19 and d?
19
Suppose b = 5*b - 20. Calculate the greatest common divisor of b and 30.
5
Suppose 0 = -5*u + 4*u + 95. Suppose -3*q - q + 73 = -m, 0 = 5*q - 5*m - 80. Calculate the highest common divisor of u and q.
19
Let l(d) = -d**3 + 26*d**2 - 24*d + 3. Let x be l(25). Calculate the highest common divisor of 112 and x.
28
Suppose 3*h - 10 = -2*a + 10, -5 = -3*h - 5*a. Let b(w) = 10*w. Let q be b(2). Calculate the greatest common factor of q and h.
10
Let d = 45 + -31. What is the highest common factor of d and 7?
7
Suppose 5*k - 1113 = -4*b - 233, 3*k + 4*b = 520. Suppose -2*w = 3*w - k. Let l = 10 + -6. Calculate the highest common factor of l and w.
4
Let i(q) = -q**2 - 12*q + 9. Let v be i(-9). Calculate the greatest common factor of 90 and v.
18
Let n(q) = q - 3. Let o be ((-3)/(-6))/(2/32). Let i be n(o). Let x be ((-44)/i)/((-2)/10). What is the highest common divisor of 4 and x?
4
Let t = -2 + 21. Calculate the highest common divisor of t and 57.
19
Suppose -4*p + 153 = -p. Calculate the highest common divisor of p and 34.
17
Suppose 0 = 4*o - 3*o - 10. Let x(l) = l**2 + 7*l**2 - l**3 + 1 - 5*l - 2 - 9. Let r be x(7). Calculate the greatest common divisor of r and o.
2
Let r(g) = -g + 2. Let n(d) = -2*d + 2. Let s be n(-6). Let x be 4/s - 6/21. Let k be r(x). Calculate the greatest common divisor of k and 2.
2
Let d(g) = g + 7. Let x be d(5). What is the greatest common factor of x and 24?
12
Suppose b + 3*r + 5 = 3, 5*b + 5*r = 10. Let n(u) = -u**3 + 6*u**2 - 4*u - 4. Let w be n(b). Calculate the highest common factor of 60 and w.
12
Let c be -5*1/((-10)/6). Suppose c*u = 4*u - 15. Calculate the highest common divisor of 30 and u.
15
Let x = 167 + -111. Suppose -9 = l + 3. Let i = l - -20. Calculate the highest common factor of x and i.
8
Let h be (-2)/5 - (3 - (-2335)/(-25)). Calculate the greatest common factor of 30 and h.
30
Let f be 0/(1/1 - 0). Let t be f + (1 - 2) - -4. Suppose 15 - t = d. What is the highest common factor of d and 12?
12
Let d = 38 - 22. Calculate the highest common factor of d and 40.
8
Suppose -4*v + 2*v + 24 = 0. Suppose -3*i - i = 0, -i = -3*t + v. Suppose 4*w + t - 40 = 0. Calculate the highest common divisor of 72 and w.
9
Let f(n) = -n**2 + 13*n + 28. Let b be f(9). Calculate the greatest common divisor of 8 and b.
8
Suppose -39 = -9*l + 33. Calculate the greatest common factor of 56 and l.
8
Suppose -l = -5*w + 17, -5*w - 2*l - l + 9 = 0. Suppose 0 = -0*v - w*v + 30. What is the highest common factor of v and 80?
10
Let s be (-1)/5 + (-33)/(-15). Let l be (-1 - 4)*28/(-10). What is the greatest common divisor of s and l?
2
Let p be -1 + 1 + 0/2. Suppose -w - w = p. Suppose -10 = 5*y, w = t - 5*t - y + 94. Calculate the highest common divisor of t and 60.
12
Let m(b) = 7*b - 2. Let s be m(2). Let h be (-70 - -1)*(-1 - 2). Suppose -3*p = -h - 117. Calculate the greatest common factor of p and s.
12
Let k = 1 - 0. Let v(y) = 2*y - 3 + 0*y - y. Let s be v(4). Calculate the highest common divisor of k and s.
1
Let t = 51 + -43. Calculate the highest common factor of t and 8.
8
Let i = -158 + 248. Suppose f = 3*f - i. Calculate the greatest common factor of f and 30.
15
Let r(u) = -u**2 + 5*u + 1. Let d(y) = -y**3 + 5*y**2 - 2*y + 5. Let z be d(5). Let g = z - -8. Let x be r(g). What is the highest common divisor of x and 56?
7
Suppose -p + 9 = -25. Let d be 49/3 + (-4)/(-6). What is the highest common factor of p and d?
17
Suppose 3 = -6*u + 39. Calculate the highest common divisor of u and 30.
6
Let l be 8/3*(7 - 1). Suppose 0 = b - 6 - 2. Calculate the greatest common divisor of b and l.
8
Let c be 0 - (-16 - (2 - 0)). Let x = c - 5. Suppose 3*g + 0*g = 39. Calculate the highest common factor of x and g.
13
Let a = -121 - -25. Let g be a/9*(-3)/2. Calculate the greatest common factor of 24 and g.
8
Let a(j) = 2*j**2 - 11*j + 10. Let o be a(8). Let l be ((-18)/2 + -1)*-2. What is the highest common factor of l and o?
10
Suppose 3*q = -5*l, -3*q = -q - 3*l - 19. Suppose -2*v - 460 = -5*s - q*v, -v - 100 = -s. What is the highest common divisor of 38 and s?
19
Suppose a + 19 = 5*h - 2, -2*h - 2*a = -18. Suppose 14 = -h*s - 4*u, -2*s - u = 7 - 2. Let k = -1 - s. What is the greatest common divisor of k and 7?
1
Let b be (-24)/15*5/(-2). Suppose -3*s = s + 12, -2*s - b = v. Suppose -10 = -2*k + d, -3*k - 5 = -v*k + 2*d. What is the highest common divisor of 3 and k?
3
Let l = -18 + 23. Calculate the greatest common factor of 2 and l.
1
Let w(d) = d**3 - 20*d**2 + 1. Let l be w(20). Calculate the highest common factor of 6 and l.
1
Let u be ((-42)/5)/(2 + 69/(-30)). What is the highest common factor of u and 70?
14
Suppose -2*d + 28 = -4*o, -4*o + 0*o = 4*d - 92. What is the greatest common factor of 4 and d?
4
Let m = -31 + 43. What is the highest common factor of m and 18?
6
Suppose 3*l - 2*g = 20, 4*g - 12 + 40 = 4*l. Suppose 120 = 3*i + x + x, -3*i = -5*x - 141. Calculate the greatest common f